193. Suppose -1084 = -n*d - 4*z, 0 = -3*d - 2*z + 382 + 700. What is the hundreds digit of d?
3
Let m(q) = -q**3 + 3*q**2 + 11*q - 21. Let r be m(8). Let v = 421 + r. What is the tens digit of v?
6
Suppose 156003 + 130305 = 42*l - 6*l. What is the hundreds digit of l?
9
Let d = -106 + 60. What is the tens digit of -3*d*(4/(-8) + 1)?
6
Let q(l) = -15*l - 19. Let b be q(-17). Let z = -154 + b. Suppose 88 = 2*x - z. What is the units digit of x?
5
Let z = 42 + -44. Let w(f) = 153*f**2 - 2*f - 7. What is the tens digit of w(z)?
0
Let q = -8 + 33. Let v(y) = y**3 - 25*y**2 + 25*y + 89. What is the hundreds digit of v(q)?
7
Suppose -3*j + 53 = f + f, 0 = -5*f - 25. Let d(k) = 3*k - k**2 + k - 3 + j*k**3 - 17*k**3. What is the tens digit of d(2)?
3
Suppose 5*o = 5*r + 5, -5*o + 2*r - 13 = -6*o. Suppose 2312 = o*y - 6353. What is the thousands digit of y?
1
Suppose m + 339 = 3*x, -x - 2*x - m + 339 = 0. Let u = -61 + x. Let z = u + -28. What is the units digit of z?
4
What is the thousands digit of (-18037)/(-2) + (-208)/(-416)?
9
Let t = -668 - -1399. Suppose -9*c + t = -169. What is the units digit of c?
0
Let b = 45 - 3. Let m(k) = -29 + b + 20*k - 78. What is the tens digit of m(14)?
1
Let d = -50252 - -72672. What is the ten thousands digit of d?
2
Suppose -5*i = 4*r - 18 - 20, 4*i = -4*r + 28. Let y(q) = 3*q**2 - 11*q - 7. Let w be y(i). Let t = -84 + w. What is the tens digit of t?
9
Let d = 14839 - 3269. What is the hundreds digit of d?
5
Let y = 47885 - 30058. What is the units digit of y?
7
Let x(r) = -2*r**2 - 53 - 30*r + 29*r + 4*r**2 + 19. Suppose -2*j - 2*l = 22, 4*l - 3*l = 0. What is the tens digit of x(j)?
1
Let r(z) = -2*z - 273*z**3 + 0*z**2 - 18*z**2 + 272*z**3 + 3 - 2. What is the units digit of r(-20)?
1
Suppose -5*r - 20*l + 25*l - 40 = 0, 0 = 5*r - l + 20. What is the hundreds digit of 8060/30 - (2/r)/2?
2
Let q = -2209 + 3822. Suppose 3*u - 2*m - 850 = 0, -5*u - 3*m - 171 = -q. Suppose 3*j - 4*z - 256 = 0, 4*j - u = -z + 87. What is the units digit of j?
2
Suppose 3*l = -y + 15, 5*y = -2*l + 10 + 13. Let o be (-1 + 2/5)/(y/(-15)). Suppose -j + 0*k + 109 = 3*k, o*j + 5*k - 323 = 0. What is the tens digit of j?
0
Let q(x) = x**2 - 130*x - 478. What is the units digit of q(-51)?
3
Let y be (2 + -3 - -4)*2112/9. Suppose -s - s + 4*x + y = 0, s - 3*x = 351. What is the hundreds digit of s?
3
Let g = 10168 + -5536. What is the tens digit of g?
3
Suppose 0 = -2*t - 53 + 315. Let l be (-4 + t)/(3 - 2). Let h = -77 + l. What is the units digit of h?
0
Let c be 17/(-34) - 35/(-10). Suppose 2*d + 2855 = c*r + 6*d, -3*d - 4739 = -5*r. What is the hundreds digit of r?
9
What is the tens digit of (-21)/4*(-15500)/31?
2
Let p(g) = g**3 + 11*g**2 - 9*g + 27. Let d be p(-14). Let f = -123 - d. Suppose -2*y + q + f = 6*q, 0 = -y - 4*q + 162. What is the units digit of y?
6
Let f(m) be the third derivative of -5*m**4/4 - 2*m**3 - 16*m**2. Let x be f(-6). Let s = x - 83. What is the tens digit of s?
8
Suppose -t + 4*j = 4*t - 30, 4*t = 3*j + 24. Let c = t - 1. Let z = c - -66. What is the units digit of z?
1
Suppose 26 - 81 = -11*x. Let y(c) = 5*c**3 - 6*c**2 - 15*c + 4. What is the hundreds digit of y(x)?
4
Let j = 576 + -540. Let f = 1169 + j. What is the units digit of f?
5
What is the units digit of ((-105)/350 - (-38)/(-140)) + 100178/14?
5
Let v(f) = -408*f + 9906. What is the ten thousands digit of v(-25)?
2
Let p(a) = a**3 + 13*a**2 + 7*a. Let m be p(-6). Let n be (-50)/14 + 4 + (-666)/(-14). What is the tens digit of (n/20)/3*m?
6
Let y(p) = -2*p**3 - 7*p**2 + 8*p - 36. What is the thousands digit of y(-10)?
1
Let y(l) = 3*l - 39. Let h be y(14). Let v(a) = a**2 - 6*a + 8. Let t be v(h). What is the tens digit of t*(-1)/3 - (-2926)/42?
7
Suppose -10*l - 4*a = -13*l + 20257, -3*l = 4*a - 20297. What is the thousands digit of l?
6
Let w = -745 + 734. What is the units digit of (-3412 + -2)/(w + 9)?
7
Let w = -29261 - -44301. What is the thousands digit of w?
5
Suppose -25 = -5*w, -5*p - 3*w + w = 4585. Let y = p - -1348. What is the hundreds digit of y?
4
Let y be 151/(-2) + (-2 - 15/(-6)). Let s = -72 - y. Suppose 4*g + 0*g + 63 = t, -s*g + 9 = 0. What is the units digit of t?
5
Let c = 5510 + -5534. Let x(y) = y**3 + 17*y + 35 + 0*y + 9*y**2 + 16*y**2. What is the units digit of x(c)?
3
What is the units digit of (4 - 5) + -7 - (-11672 + -8)?
2
Let k be 91 + (8/(-36) - (-7)/(-9)). Let u be (38/12 + 4/8)*k. Suppose 0 = 2*h + 5*d - 239, -u = -3*h + 4*d - 2*d. What is the units digit of h?
2
Suppose 4*p - 8778 = -200*n + 198*n, -p = 3*n - 13207. What is the tens digit of n?
0
Let c = 26737 - 13648. What is the thousands digit of c?
3
Let d(c) = -4*c**3 - c**2 + 1. Suppose 3*a + 0*v - 5*v = 26, 5*a - 2*v = 18. Let y be d(a). Let i = 2 - y. What is the tens digit of i?
3
What is the thousands digit of (6/(-5))/((-33)/512930 + 0)?
8
Suppose 0 = -855*u + 859*u - 12. Suppose u*q - 1289 = -2*s, 5*s - 3*q + 1765 = 4998. What is the hundreds digit of s?
6
Suppose c + 2*z + 4 = 8, 4*z - 4 = 0. Suppose -2*j + 2*h = -696, c*h - 5*h + 1748 = 5*j. What is the tens digit of j?
4
Suppose 173 = z + 176. What is the tens digit of (0 + (-16)/(-20))/(z/(-825))?
2
Suppose -v - 8193 + 60773 = 10*v. What is the tens digit of v?
8
What is the tens digit of (-441 + 447)*11296/3?
9
Let w(g) = 4*g**2 - 195*g - 233. What is the thousands digit of w(73)?
6
What is the thousands digit of (-24)/10 + (-8)/(-20) - (0 - 14856)?
4
Let m = -41 - -461. Suppose 0*h - 7*h = -m. Let u = h - 49. What is the tens digit of u?
1
Suppose -3*c = -12 - 6. Suppose -5*y = -0*f - 2*f - 10, -2*f - c = -3*y. Suppose -2*q - 2*m + 484 = -f*q, 6 = 2*m. What is the tens digit of q?
3
Suppose 100*i - 151*i = -392700. What is the hundreds digit of i?
7
Let k(l) = 374*l**2 - 3*l + 3. Let b be 6*1*(-33)/99. What is the thousands digit of k(b)?
1
Let o(f) = -4*f**3 - 95*f**2 - 39*f - 58. What is the thousands digit of o(-33)?
1
Let j(t) = 54*t - 17. Let m(q) = 270*q - 86. Let u(z) = 16*j(z) - 3*m(z). Let g be u(7). What is the units digit of g/65*10/4?
4
Let h = 192 - -110. Let q = 1527 - h. What is the units digit of q?
5
Let k = 134 + -128. Suppose -w + 4*l - 145 = -58, 0 = -2*l + k. What is the tens digit of 4/(60/4603) - 10/w?
0
Let b = 48 + -40. Suppose 0*c + b*c = 64. What is the tens digit of 47 + c*2/4?
5
Let d be ((-7)/21)/(2/(-1206)) + 0. Let k = 171 + d. What is the tens digit of k/15 - 8/10?
2
Let v(y) = 5*y**2 + 16*y - 60. Suppose -39 = -3*k - 3. What is the units digit of v(k)?
2
What is the hundreds digit of ((-13)/(-26))/(6/4 + 87880/(-58588))?
6
Let h = 27375 - 1511. What is the ten thousands digit of h?
2
Let m be 2/(-7) - (-3754)/7. Let q = m - -17. What is the hundreds digit of q?
5
What is the ten thousands digit of (-20 + 1)/((-33)/47751)?
2
Suppose -19*z = -18155 - 54919. What is the thousands digit of z?
3
Suppose 4*k = 4*s - 580, 0*k + 582 = 4*s - 5*k. Let j = s - 236. Let m = 163 + j. What is the units digit of m?
0
What is the thousands digit of ((-1725)/50 - -35)*(-1 + 11799)?
5
Suppose i - 4*a - 21 = 0, i - 3*a = 6 + 11. Let u = 290 - 278. What is the units digit of 54/u*(1 + i)?
7
Let x(q) = -q**3 + 38*q**2 + 12*q + 10. Suppose 5*j - 24 - 166 = 0. What is the units digit of x(j)?
6
Let i(s) = -s**3 - 12. Let w be i(-3). Let g(v) be the second derivative of -v**4/12 + 4*v**3 - 21*v**2/2 - 6*v. What is the units digit of g(w)?
4
Suppose -3*l = -0*o - 3*o + 954, 4*o - 638 = 2*l. Let b = l + 597. What is the units digit of b?
0
Suppose -3*t = 5*s - 5183, 23*t - 19*t + 2068 = 2*s. Let g = -626 + s. What is the hundreds digit of g?
4
Let i be -3*8/(-3) + 4. Suppose -9*s - i = -12*s. Suppose s*v + 0*v - 462 = 2*l, 5*v - 591 = -2*l. What is the hundreds digit of v?
1
Let u be (-45)/27 + 1 + 22/6. Suppose -3*b = u, -2*b = 2*t - 881 - 477. What is the tens digit of t?
8
Let n = -405 + 287. Let x = 122 + n. Suppose 4*b + b - z = 85, 0 = -x*b - z + 77. What is the tens digit of b?
1
Let z(o) = -2*o**2 - 10*o + 15. Let t be z(-6). Suppose -t*y = -7*y - s + 901, 2*s + 448 = 2*y. What is the tens digit of y?
2
What is the units digit of (-6586)/(-6) + (-1072)/402?
5
Let g = -3483 - -4898. Let t = g + -740. What is the units digit of t?
5
Let z = -82 + 83. What is the tens digit o